l(-3). Let z = -43 + 71. Suppose o = j + j - z. Is j prime?
False
Suppose 4*n = 2*n. Suppose n = -0*d - 5*d + 635. Suppose 0 = -3*j + d - 10. Is j composite?
True
Let v(z) = z**3 - 2*z**2 - 3*z. Let l be v(3). Suppose 5*h - 158 = -4*a, -5*a - h + 6*h + 175 = l. Is a prime?
True
Is 184 + ((-6)/(-3) - -1) a composite number?
True
Let d(j) = -2*j - 3. Let p be d(-3). Let r = p + 0. Is r + -2 - (0 - 3) a prime number?
False
Let t(q) = -2*q + 5. Let l be t(5). Let k(n) = n**2 + 5 + 6*n - 6*n + 1. Is k(l) composite?
False
Suppose -12 - 98 = -5*n. Is n composite?
True
Let y be -10*(636/15)/(-1). Suppose 5*u + 586 = 3*t, y = -t + 3*t + 5*u. Let g = t - 119. Is g a prime number?
True
Let g(d) = -d**2 - 2*d + 1966. Is g(0) a prime number?
False
Let k be -2 + 2 + 1 + -1. Suppose -4*p + 28 = 3*a + 2*a, 3*a + 4*p - 20 = k. Suppose 0 = -3*b + 5*y + 568, 2*b + a*y - 245 = 141. Is b prime?
True
Let u be 3/(-2)*6/3. Let j be -2 - (u - -2) - -3. Suppose 51 = j*y - y. Is y composite?
True
Suppose 5*u - 18 = 2*z, -4*u + 21 = -0*z + 5*z. Is -3 + (69 - (3 - u)) a prime number?
True
Suppose 4*z = 5*z - 4. Suppose -3*q = z*a - 300 - 57, 0 = 4*a. Is q composite?
True
Let x = -97 - -296. Is x prime?
True
Suppose -2*h + 3*c = -1003, 0 = 3*c - 4 - 11. Is h composite?
False
Let h = -22 + 15. Let j(o) = -o**2 - 3*o + 10. Let g be j(h). Is (33/9)/((-3)/g) a prime number?
False
Suppose 0 = 5*n + 10 + 10. Is ((-666)/12)/(2/n) composite?
True
Suppose 0 = -7*f + 3*f + 844. Is f composite?
False
Let y(n) = 6*n**3 - 5*n**2 + 3*n + 3. Let u be y(3). Suppose 3*h - 387 = 2*m + 2*m, -h - 2*m = -u. Is h prime?
False
Suppose -5*b = -v + 2, 5*v - 5 = 3*b + 5. Suppose b = 2*w - w - 131. Is w a composite number?
False
Let v = -557 - -1056. Is v prime?
True
Let g(u) = u**2 + 1. Let z be g(0). Let b be -5*z*(-4)/10. Suppose b*k = -0*k + 262. Is k a composite number?
False
Suppose 4*u - 201 - 67 = 0. Is u a prime number?
True
Let k = 6429 - 2056. Is k a composite number?
False
Let j(v) = 2*v**2 - v**3 - v**2 + v**2 + 5*v - 1 - 5*v**2. Let d be j(-4). Is (d - -3)/(4/(-38)) a composite number?
False
Suppose 5*b + 0*b = 50. Suppose -4*w + b = -18. Let f(o) = 22*o + 9. Is f(w) a composite number?
False
Let b = -439 + 1184. Is b composite?
True
Let g(n) = -n**2 - 5*n + 6. Let x be g(7). Let u = 181 - x. Is u composite?
True
Let u = -1120 + 3273. Is u prime?
True
Suppose -k - k + 10 = 0. Let w(b) = b**2 - 6. Is w(k) a prime number?
True
Suppose z - 114 = -33. Let r = 187 - z. Is r a prime number?
False
Let h be (10/(-3))/((-2)/3). Suppose -4*k - 5*o - 4 = -41, -h*o = 2*k - 31. Suppose 0 = -2*z - g + 16, z - k*g + 20 = 3*z. Is z composite?
False
Let g = 85 - 26. Is g a composite number?
False
Let r(u) = -99*u - 4. Is r(-7) a prime number?
False
Let k = 15 - 12. Let m(r) = r**3 - 6*r**2 + 4*r + 7. Let l be m(5). Suppose k*v - 31 = l. Is v composite?
False
Let p = 1313 + -665. Is p/4 + 3 + -2 a composite number?
False
Let h be ((-3)/2)/((-3)/4). Let q be 1/(-3) - h/(-6). Suppose -3*t + q*t + 42 = 0. Is t composite?
True
Let i(n) = -n**3 + n**2 + 222. Let m be i(0). Let t = m - -48. Suppose -j + s - 144 = -2*j, -2*j + 4*s = -t. Is j a composite number?
True
Let g(t) = -3*t**2 + 2*t - 6. Let j be g(9). Is (-3)/(-12) - j/4 prime?
False
Let j(p) = -p - 1. Let b(h) = -h - 2. Let s(n) = 3*b(n) - 6*j(n). Let t be s(-1). Is 5 - (-1 + t + 5) prime?
False
Let g = -2 - -3. Suppose 4*m - 884 = 280. Is 2/(6/m)*g prime?
True
Let g be (-356)/30 + 6/(-45). Let l = g + 31. Is l composite?
False
Suppose -6*t + 3*t = -y + 115, 5*y + 4*t - 651 = 0. Is y a composite number?
False
Suppose 5*t + 220 = 5*h, 5*h - t - 159 = 53. Suppose -2*y - h = -368. Is y prime?
True
Let q(r) = 2 + 5*r**2 + 3*r**2 + 4*r**2 - 9*r - 4*r**2 + r**3. Let l be q(-9). Suppose o - l*o - g + 202 = 0, -4*o + 5*g = -781. Is o a composite number?
False
Let w(u) = 2*u**2 - 4 + 2 + 1. Let b be w(-1). Is 0 - -2 - (b - 90) prime?
False
Suppose 0 = 3*v + 9 - 24. Suppose 0 = v*f + 10, 6*q - 2*q + 28 = -4*f. Let a(y) = -4*y + 1. Is a(q) a prime number?
False
Let s = 1763 + -382. Is s a composite number?
False
Let i = 2356 + -1257. Is i prime?
False
Let q(b) = -36*b**3 + 1. Let p be q(-1). Suppose -11 = 4*v - 3*d, 3*v + d + 2 = -3*d. Is p*((-1 - -4) + v) a prime number?
True
Let k(z) be the first derivative of -z**4/4 + 3*z**3 - 3*z**2/2 + 9*z - 3. Let q = 21 - 13. Is k(q) a prime number?
False
Suppose -c + 323 = c - 3*v, c - 4*v = 154. Is c prime?
False
Suppose -5*i + 36 = 4*d - 0, 2*i + 2*d - 16 = 0. Let v be i/6*3/1. Suppose 5*g - f = 45, v*g + 9 = -4*f + 49. Is g prime?
False
Suppose 0 = -b + 2 + 4. Suppose 0 = -b*t + 2*t + 580. Is t prime?
False
Let a be (0 + 0)/(2 + -4). Suppose -3*v + 4 + 29 = a. Is v composite?
False
Let v be 6/((-5)/(-2) + -2). Suppose 0 = -f + 5*r - v, 6 = 4*r - r. Is 2 - (f - (2 - -1)) a composite number?
False
Is (-132)/(-2)*(11/(-3) - -4) prime?
False
Suppose -2*f - 2070 = -7*f. Let i = 355 + f. Is i composite?
False
Let p(g) = g**2 + 9*g + 12. Let v(o) = o**3 - 13*o**2 + 10*o + 16. Let d be v(12). Let c be p(d). Is (-6)/c*824/(-12) composite?
False
Let n(z) = 5*z**2 + 3*z - 3. Is n(-3) composite?
True
Let x(k) = -11*k**3 - 7*k**2 - 7*k - 6. Suppose 5*i - 5*r + 25 = 0, i - 6*r = -2*r - 8. Let h be x(i). Is (-1)/(-4) - h/(-8) composite?
True
Let u be (-5)/((14/(-292))/7). Suppose 0 = -7*i + 2*i + u. Is i a prime number?
False
Let o = -6 - -10. Suppose -o = -2*q + q. Suppose -343 - 501 = -q*g. Is g prime?
True
Suppose 4*x - 2*u - 2 = 0, -4*x - 2*u = -u - 5. Let y be 0/(-2*(0 - x)). Let a(h) = h + 35. Is a(y) a prime number?
False
Suppose -m - 4*m = 65. Let s = m - -20. Is s a composite number?
False
Let f(m) = 7*m**2 - 3*m - 5. Let v(c) = c**3 - 2*c**2 - c - 2. Let s be v(3). Is f(s) prime?
False
Let p(v) = 46*v**2 - 6*v + 2. Let h be p(5). Suppose 2*u + u = 3*y - h, -4*y + 1511 = -u. Is y prime?
True
Suppose 5*s + 192 = 2*n, -n - s + 96 = -0*s. Suppose 3*d - n = 222. Is (-1*d)/(-3 + 1) composite?
False
Let r(z) = 17*z. Let u be (-5)/(10/4) - -7. Let k be r(u). Suppose 0 = -3*s + a + 228 - k, 4*s - a - 190 = 0. Is s composite?
False
Let w = 33 + -47. Is 7/(1 + 12/w) a prime number?
False
Let b(v) = v - 4. Let x be b(7). Suppose 0 = -x*g + 2*g + 62. Is g prime?
False
Suppose -205 = 3*s - 8*s. Suppose -s - 54 = -5*f. Is f a composite number?
False
Let t be (5/10)/((-1)/(-8)). Let i(d) = 17*d**2 - t + 3 + 4*d - 3*d**2. Is i(-3) prime?
True
Let k = 10 + -7. Suppose -z - 6 = -2*o, -k*o = -1 - 5. Is (-13)/(z/22 - 0) a composite number?
True
Let s(u) = u**3 + 2*u**2 - u + 854. Let w(y) = -4*y**3 - 7*y**2 + 4*y - 2563. Let v(o) = -7*s(o) - 2*w(o). Let l be v(0). Is l/(-16) + 1/(-4) a prime number?
True
Let y be (9/3)/(-3)*-119. Let m be (0 - -1)*(-68)/(-2). Let x = y - m. Is x a composite number?
True
Let f = -664 + 1037. Is f a composite number?
False
Let l = -17 - -19. Suppose -c + l*c = 35. Is c a prime number?
False
Suppose c + 987 = 4*c. Is c a composite number?
True
Let m(z) = 180*z**3 - 2*z**2 + z. Is m(1) composite?
False
Suppose 2*o - 636 = 4*k - 3*o, k + 159 = 5*o. Let p = k - -308. Is p a composite number?
False
Is 1/(2/162) - (-2 - -1) composite?
True
Let p be (-3)/(-1) - (0 - 0). Suppose -2*c + 0*y + 273 = -p*y, 3*c - 438 = -5*y. Is c prime?
False
Suppose -3*u = -4*u + 76. Suppose 49 = 5*f - u. Suppose 3*j = f + 38. Is j a composite number?
True
Suppose -2*b = 3*b - 390. Suppose r - b = -h, -4*h + 0*h = 5*r - 391. Is r a prime number?
True
Let r(k) = -6*k + 5. Let f = -3 + 7. Let h be r(f). Let u = 30 + h. Is u composite?
False
Let f be (-4)/(-6) - (-8113)/21. Suppose c - f = 9. Suppose -5*l - 14 = 1, 0 = -3*q + 5*l + c. Is q a composite number?
False
Let u be (-10)/35 + 564/14. Suppose o + z - u = 0, -2*o + 42 = -o + 2*z. Is o prime?
False
Let f = -292 + 553. Let z = f - 134. Is z prime?
True
Suppose 5*z - 20 = 0, -2*z + 33 - 163 = 3*a. Let v = a + 125. Is v prime?
True
Suppose -5 = -4*t + 7. Suppose t*b - 293 - 53 = 2*j, 2*b - 4*j - 220 = 0. Is b a prime number?
False
Let o = 8 - 7. Suppose -o - 6 = -y. Suppose 2*b - 33 = -y. Is b a composite number?
False
Suppose 3*r - 20 = -2*t, -2*r = t - 13 + 2. Let g = t - 3. Suppose -2*y + 4*i = -g*y + 278, 0 = y - 3*i - 154. Is y a prime number?
False
Suppose -3*j + 2*o = -3*o + 